 = -24*b**3 - 14*b**2 - 25*b. Let f(k) = 11*n(k) - 6*t(k). Suppose 15 = -3*i - 3. What is f(i)?
-6
Suppose -4*v + w + 39 = 0, -v + 3*w + 20 = 2. Let o(t) = 2*t - 12. Calculate o(v).
6
Let r(k) = k + 1. Suppose 2*j = j. Suppose z - 4*z + 15 = j. Let v(q) = -2*q**2 + 8*q + 5. Let b(h) = z*r(h) - v(h). Give b(2).
2
Let p(j) = -3 - 3 - 2*j - 2. Give p(-6).
4
Let u(o) be the first derivative of -o**2/2 - 4*o - 8. Give u(-5).
1
Let z(m) = m**2 + 6*m. Suppose 5*b + 103 = -17. Let v be (-1)/4 - (-138)/b. Give z(v).
0
Suppose 3*m = m + 6. Let z(v) = v**2 - 3*v + 3. Give z(m).
3
Suppose -2*x + 10 = -x - 4*n, -12 = -4*x + 2*n. Let b(q) = 1 + 4*q - 6*q + q**2 + 0*q**x. What is b(2)?
1
Let r(h) = 2*h - 19 + 6*h - h**2 + 29 - 15. Give r(7).
2
Let y(v) = 6*v**2 - v - 1. Let c = 6 + -10. Let k = -4 - c. Suppose 0 = 5*j + 5 - k. What is y(j)?
6
Let m(s) = -s**3 + 6*s**2 - 3*s + 6. Let p(r) = -r**3 + 7*r**2 - 4*r + 7. Let y(h) = -5*m(h) + 4*p(h). Give y(2).
-4
Let y(s) = 3*s**2 + 3*s + 3. Let k(l) = 4*l**2 + 3*l + 4. Let g(m) = -2*k(m) + 3*y(m). Let b(h) = 5*h + 1. Let x be b(-1). Calculate g(x).
5
Let q(j) be the third derivative of -1/60*j**5 + 0*j - j**2 - 1/6*j**3 + 0*j**4 + 0. Let b(t) = t**3 - t**2 - t - 1. Let c be b(2). Determine q(c).
-2
Suppose -11 = q + t, -1 - 12 = 2*q - t. Let d = 7 + q. Let h(r) = -5*r - 1. Determine h(d).
4
Let t(c) be the first derivative of c**6/60 + c**5/60 - c**3/6 + 3*c**2 + 2. Let l(j) be the second derivative of t(j). Give l(-1).
-2
Let r = -10 + 5. Let j be (4/r)/((-1)/5). Let g(b) = 5*b + b**2 + 7*b**2 - 2*b**2 - 7*b**2. Calculate g(j).
4
Suppose 4*i = -i + 10. Let m(t) = i*t + 0*t + 5*t. What is m(-1)?
-7
Suppose -2*h + h + 22 = 0. Let d be (-6)/4 + 121/h. Let w(y) = -3*y + 5. Give w(d).
-7
Suppose 3*n - 4 - 2 = 0. Let f(g) = 6*g**2 + g + 4*g - 7*g**n - g + 7. Calculate f(5).
2
Suppose 2*n = n + 3. Suppose 2*g = n*g - 1. Let j(y) = -5*y + y + 6*y - 1. Give j(g).
1
Let w(h) = 2*h - h + 4 - 8*h. Let t(l) = -6*l + 3. Let y(b) = -5*t(b) + 4*w(b). What is y(-1)?
-1
Let z(c) be the second derivative of -c**4/6 + c**3/2 - c**2/2 - c. Let o be -3*(-2)/((-2)/(-1)). Suppose 8 = o*m + m. Determine z(m).
-3
Let m(j) be the first derivative of 5*j**4 - 38*j**3/3 + 41*j**2/2 - 44*j + 1. Let o(q) = 7*q**3 - 13*q**2 + 14*q - 15. Let h(b) = 6*m(b) - 17*o(b). Give h(6).
3
Let u(a) = -a**3 + 3*a**2 + a - 2. Suppose r = -4*r + 10. Determine u(r).
4
Let n(b) be the second derivative of 4/3*b**3 + 0 + 5/2*b**2 + 3*b + 1/12*b**4. Give n(-6).
-7
Let n be 1/3*(13 + -4). Suppose -2*k + 2*u - 8 = n*k, -2*k + u - 3 = 0. Let d(r) = 2*r - 1 + 2*r + r**2 + 0*r. What is d(k)?
-5
Let z(r) = -9*r + 2. Let v(f) = -10*f + 3. Let d(j) = 6*v(j) - 7*z(j). Let n = 3 + -5. Let b be (n - 0) + 3 + -4. Calculate d(b).
-5
Let p(v) be the third derivative of -v**6/120 - v**5/12 - v**4/4 - 5*v**3/6 + 3*v**2. Give p(-4).
3
Let u(a) = -a**2 + a + 3. Let j be ((-2)/8)/((-1)/12). Calculate u(j).
-3
Let m(z) = 2*z + 2. Suppose 18 = -5*v - a, -5*a - 42 = 4*v - 15. Give m(v).
-4
Let s(g) = g**3 + 5*g**2 - 6*g + 6. Suppose -5*m = -4*m + 6. Calculate s(m).
6
Suppose -4 - 2 = -2*o. Let h(u) be the second derivative of -u + 2/3*u**3 - 1/12*u**4 + 0 - o*u**2. What is h(4)?
-6
Let p be (0 - 18/(-6)) + 8/(-1). Let l(m) = -m**3 - 5*m**2 - m + 2. Give l(p).
7
Let o(w) = w**3 + 3*w**2 - 4*w + 1. Let b(d) = -d**2 + 8*d + 2. Let h be b(9). Let j = -11 - h. Calculate o(j).
1
Let g(h) = -h**3 + h**2 + 4*h - 4. Let q = 1 - -4. Suppose -q*w + i + 2*i = -30, 3 = -4*w - 3*i. What is g(w)?
-10
Suppose -q + 2 = -0. Suppose 4*d + q*p - 6 = 0, -3 = -3*p - 12. Let v(i) = -d + 7 - 6*i + i**2 - 2*i + 3*i. Determine v(4).
0
Let q(i) = 2*i - 7. Let t be q(3). Let p(b) = -3*b**3 + b + 1. Determine p(t).
3
Let o(g) be the first derivative of 3/2*g**2 - 1 + 2*g - 1/3*g**3. Let d(h) = 3*h**2 - h - 1. Let l be d(-1). What is o(l)?
2
Let l(g) be the first derivative of g**4/4 + 7*g**3/3 - 4*g**2 - 14. What is l(-8)?
0
Suppose 2*g + 4 = -0*g. Suppose 4*s = -5*c + 20, 5*s - 1 + 5 = c. Let h(t) = -t + 1. Let z(f) = -1. Let x(o) = c*z(o) + 3*h(o). What is x(g)?
5
Let c(x) = -x**3 + 4*x**2 - 5*x + 4. Let s = -83 + 86. What is c(s)?
-2
Let c(o) = 10*o - 3. Let f(w) = 11*w - 5. Let i(h) = 3*c(h) - 2*f(h). Calculate i(2).
17
Let z(q) be the first derivative of q**3/3 - q + 1. Let c be z(1). Suppose 0 = 3*v - y - 6, v + 6 = 3*y - c*y. Let j(s) = 2*s**2 - 4*s + 1. Calculate j(v).
7
Let l(z) be the third derivative of z**8/6720 + z**7/420 + z**6/180 - z**5/40 - z**4/12 + 2*z**2. Let n(u) be the second derivative of l(u). Determine n(-5).
2
Suppose 0 = 5*q - 8*q - 6. Let a be 4/q*16/(-2). Suppose 0*b = -4*b - a. Let s(w) = -w. Calculate s(b).
4
Let i(h) be the second derivative of -h**5/20 + h**4/4 - h**3/6 - 2*h**2 + 57*h. Calculate i(3).
-7
Let c be 26/48 + (-14)/(-112). Let p(m) be the second derivative of 1/6*m**4 + 3/2*m**2 + 2*m + c*m**3 + 0 + 1/20*m**5. Calculate p(-2).
-5
Let b be 3 + (-2)/(6/27). Let r be 2/b + (-28)/(-3). Let o be r/2*6/9. Let t(d) = 3*d - 1. Give t(o).
8
Suppose -8*y = -9*y + 5. Suppose 2*j + 5*h - 7 = 0, 3*j - 5*h + 1 = -1. Let v(i) = -j - y*i + 2*i + 2*i. Determine v(4).
-5
Let l(h) be the first derivative of -h**3/3 + 7*h**2/2 - 2*h + 3. What is l(6)?
4
Let q(i) = i**3 + 4*i**2 + 3*i + 2. Let c be 4*(3 + -4)/2. Give q(c).
4
Let i(q) = 0*q**2 - 7 - q**2 + 3. Let f(x) = x**2 + 3*x - 4. Let y be f(-4). Determine i(y).
-4
Let q(v) = 5*v**3 + v**2 - 7*v. Let x(g) = 9*g**3 + 3*g**2 - 14*g + 1. Let w(y) = 7*q(y) - 4*x(y). Give w(-6).
-10
Let o(x) = x**3 + 5*x**2 - 6*x + 4. Suppose 0 = -2*r - 5 - 7. What is o(r)?
4
Let q be 5 - (0 + -1 + -1). Let l(n) = n**2 - 5*n - 8. Give l(q).
6
Let i(n) = -n - 2. Let l(d) = -d - 1. Let s(v) = 5*i(v) - 8*l(v). What is s(3)?
7
Let r(d) = 6*d**2 - 6*d - 4. Let g(z) = z**2 - 1. Let i(t) = 5*g(t) - r(t). Let k = 9 + -4. Calculate i(k).
4
Let l(m) = -5*m**2 - 136*m - m**2 - 4 + m**3 + 143*m. Calculate l(5).
6
Suppose -3*o - 12 = 2*h + 9, h = 4*o + 6. Let f = h - -7. Let p(i) = 2*i + 1. Determine p(f).
3
Let d(j) = -7*j + 2. Suppose 3*c - 6 = -15. Give d(c).
23
Suppose 0 = 5*h + 3*f - 0 - 2, 2 = h - f. Let z be 3*1/3 + h. Let p(a) = 2*a**2 - a. Give p(z).
6
Let y(c) = -4 + 0 + 5 - c**2 + 2 + 3*c. Calculate y(5).
-7
Let k(a) = a - 1. Let o(l) = -l. Let p(r) = -5*k(r) - 4*o(r). Suppose -6 = -4*y - j, -2*y - j = 2*j + 2. Suppose -6 = -2*q + y*b, q + 3 = -2*b + b. Give p(q).
5
Let i = -5 - -6. Suppose 3 - i = -y. Let x(s) = -4*s**2 - 3*s. Determine x(y).
-10
Let q(x) = x + 1. Let g = 9 + -8. Let d(u) = -u**2 + 2*u - 1. Let f be d(g). Let v = f - -2. Determine q(v).
3
Suppose -5*m + 2*v = 5, -12*m - 3*v + 19 = -8*m. Let i(g) be the second derivative of -g**3/2 - g**2/2 + 3*g. Determine i(m).
-4
Let m(p) = p**2 - 8*p + 3. Let y(c) = c**2 - 2*c. Let i be y(0). Suppose 4*q = -i*q + 24. What is m(q)?
-9
Let p be 10/4 - (-2)/(-4). Let x(l) = 4 - l**2 - p*l**2 + 2*l**2 - 6*l. Give x(-5).
9
Suppose 2*c - 1 = c + 5*q, 0 = 5*c + 4*q - 5. Let z(m) = 1 + m**2 + 0*m**2 - m - 2. Let y(n) = n**2 - 3*n - 1. Let j(w) = y(w) - 2*z(w). What is j(c)?
-1
Suppose 0*b + 44 = 4*b. Let w = b - 10. Let k(v) be the third derivative of -v**6/30 + v**5/60 - v**2. Calculate k(w).
-3
Let q(n) = -24 - 17 + 3*n + 47. Determine q(-5).
-9
Let j(y) = y**3 + 7*y**2 + 5*y + 3. Let d be ((-6)/(-10))/((-1)/10). Calculate j(d).
9
Suppose -1 = -2*o + 5. Let j = -4 + o. Let k(x) = 7*x**2 + 2*x + 3. Let f(u) = -8*u**2 - 3*u - 4. Let m(g) = -2*f(g) - 3*k(g). What is m(j)?
-6
Suppose 4*q + q = 0. Let u(r) = q*r + 1 + 2*r + 2. Give u(-2).
-1
Let r(n) = n**2 - 8*n - 27. Let j be r(11). Let y(b) = -b**2 + 9*b - 4. Determine y(j).
14
Suppose -2*m = 0, -m = 2*f + 3 + 3. Let g = f + 2. Let k(u) = -u + 0*u + 3*u. Give k(g).
-2
Suppose 11 - 3 = 4*g. Let c be -1 + g + 0 + 2. Let m(p) = -p**2 + 2*p + 4. Let y be m(c). Let z(o) = 3*o**3 + o**2 - 2*o + 1. Give z(y).
3
Let v(t) = 7*t**2 - 5*t - 5. Let o(k) = -6*k**2 + 4*k + 4. Let h(l) = 6*o(l) + 5*v(l). Calculate h(0).
-1
Let u = 98 - 97. Let w(g) be the third derivative of -g**7/840 - g**5/30 + 2*g**2. Let d(a) be the third derivative of w(a). Determine d(u).
-6
Suppose -3*x = d - 2*d - 8, -5*x = 2*d - 17. Let r = -2 + x. Let n(q) = -q. What is n(r)?
-1
Let n(g) = 4*g*